 of h(9)?
3
Suppose -w - c + 70 = -6*w, 2*c + 70 = -4*w. Let n(l) = 12*l + 42. Let k(a) = 75*a + 257. Let z(y) = 2*k(y) - 13*n(y). What is the tens digit of z(w)?
5
Let a = 29934 + -4779. What is the hundreds digit of a?
1
Suppose 6*u + 16856 - 64616 = 10842. What is the tens digit of u?
6
Let b be 35 + (100/4)/(-5). Suppose 28*n - b*n = -708. What is the hundreds digit of n?
3
Suppose -48412 = 3*y - 68338. What is the hundreds digit of y?
6
Suppose -q + 1 + 0 = 0, -3*l + 5*q + 1 = 0. Suppose -3*h - 3*c = -2442, -3*h + 5*c = -l*h - 832. What is the tens digit of h?
1
Suppose -37*g + 332140 = -11*g + 58958. What is the thousands digit of g?
0
Suppose 4*l - 432 = 12*l. What is the tens digit of (-10)/(-1)*(-3915)/l?
2
Suppose -7 = -5*i + 3. Let v be (4 - (i + 2))*1. Suppose a - r - 70 = v, 141 = 2*a - 2*r + r. What is the units digit of a?
1
Let u(p) = -17*p**3 - 2*p - 2. Let c be u(-1). Let f(i) = i**3 - 16*i**2 - 16*i + 6. Let t be f(c). Suppose -57 = -5*d + t. What is the units digit of d?
6
Let o(b) = 4*b**2 + 38*b - 113. What is the ten thousands digit of o(47)?
1
Suppose 0 = -2*c - 2*u + 136228, -c + 62819 = -5*u - 5307. What is the units digit of c?
6
Let l(z) = -z**2 - 2*z + 1. Let o(a) = 5*a**2 + 3*a + 35. Let m(f) = -3*l(f) + o(f). What is the units digit of m(-7)?
1
Let r = -8064 + 32344. What is the tens digit of r?
8
Let h = -9992 + 18955. What is the hundreds digit of h?
9
What is the ten thousands digit of (241696/(-39) - -2)*-3?
1
Let u = -51816 - -141621. What is the ten thousands digit of u?
8
Let x = -11298 - -17786. What is the tens digit of x?
8
Let o be 0 + 2/(-2) + -3. Suppose -17*h - 4 = -19*h. Let x = h - o. What is the units digit of x?
6
Let q(t) = -t**3 + 7*t**2 + 8*t - 3. Let j be 3 - -1 - (-3 - 1). Let m be q(j). What is the units digit of (m/(-2)*-1)/((-2)/24)?
8
Let t be 6 - (-468)/(-81) - 9178/(-9). Suppose -182*m + t = -167*m. What is the units digit of m?
8
Suppose 0 = -2*k - 4*m + 7078, -83*k + 87*k - 14123 = 3*m. What is the units digit of k?
3
Suppose -2*t + 1982 - 394 = 0. Let y = -360 + t. What is the tens digit of y?
3
Let l = 96596 - 66112. What is the ten thousands digit of l?
3
Let z be (-9 - (-111)/9)/((-4)/(-1938)). Suppose 0 = 2*s - 3*l - 3231, -s + 4*l - 3*l = -z. What is the thousands digit of s?
1
Let h(x) = 5*x**3 - 2*x**2 + 2*x - 1. Let m be h(2). What is the hundreds digit of 4697/m + 1/(-5)?
1
What is the hundreds digit of 1*(1 - -481*18)?
6
Suppose -5*a + 29 = 9. Suppose -j + 415 = a. Suppose 5*c - 2*q = j, 0*c = -c - 5*q + 93. What is the tens digit of c?
8
Suppose -152*r + 14 = -138*r. What is the units digit of (-380)/(-4)*((r - 1) + 1)?
5
Suppose -49*q + 315202 = 251699 - 362993. What is the tens digit of q?
0
Suppose 44*u - 6 = 41*u. Suppose u*r - 402 = -4*y, -3*r = y + 2*y - 309. What is the tens digit of y?
9
Suppose -w = -1 - 6. Let z be 2*1 + 5/(-1) + w. Suppose -5*g - z*v + v = -677, -138 = -g + 2*v. What is the tens digit of g?
3
What is the ten thousands digit of 190/(-38)*6/(-15) + 14770?
1
Let c = 136 - 136. Let y be (c - -1)*(5 + -6). What is the units digit of ((-1)/2)/(y/284)?
2
Suppose -93166 = -77*a + 100104. What is the units digit of a?
0
Let y = -5 - -7. Suppose -y = -8*c + 22. Let k = c - 2. What is the units digit of k?
1
Let o(u) = u**3 - 10*u**2 + 10*u - 5. Let g be o(9). Suppose -g*y - 33 = -117. Let r = y + -7. What is the units digit of r?
4
Let n be ((-3)/(-2) + (-14)/4)/(-2). Let b be 1*(38 - 3 - -3*n). Suppose -b = -h + 73. What is the units digit of h?
1
Let y = 67 + 0. Let b = y - 60. Suppose b*g + 160 = 12*g. What is the units digit of g?
2
Suppose 5*h - 2*k + 45 = 2*k, 0 = -4*h + 5*k - 45. Let z(f) be the second derivative of -29*f**3/6 + 5*f**2/2 + 78*f. What is the hundreds digit of z(h)?
1
Let j(s) = 73*s**3 + 2*s - 3. Suppose -2*f + 14 = 5*t, f = -4*t + 5*f. What is the tens digit of j(t)?
8
Let p be (21/(5 - 12))/(-1). Suppose p*q - 305 = -2*q. What is the tens digit of q?
6
What is the units digit of (-74 - 0)/(-18 + (-25024)/(-1392))?
9
Let p = 225 - 201. What is the hundreds digit of 380 - p - (1 - 2)?
3
Let t = -74 - -748. Suppose 0 = 4*m - t - 1154. What is the hundreds digit of m?
4
Let w = 43155 - 21156. What is the units digit of w?
9
Suppose 11*v - 150 = v. Let k(b) = 2*b**2 - 17*b - 56. What is the tens digit of k(v)?
3
Let j(w) = 34*w**2 - 328*w - 1618. What is the units digit of j(-5)?
2
Let k(a) = a**2 - 11*a + 21. Let s be k(9). Let d be 138 - (-3 + -2 + s). Suppose 3*u + 0*n - d = -5*n, 3*n - 150 = -3*u. What is the tens digit of u?
5
Let c(x) = -2*x**2 - 253*x**3 + 24*x - 181*x**3 - 2 - 27*x. What is the hundreds digit of c(-1)?
4
Let u be ((-1822)/8)/((-17)/68). Suppose 4*w - 5 = u. Suppose 3*s - w = 2*a - 36, 0 = -2*a - 4. What is the units digit of s?
3
Suppose -3*d + 39905 = q, 0 = -3*q + 10*d - 12*d + 119736. What is the units digit of q?
4
Suppose -11*q = -12*q - f + 510, -2*f = -4. Let p = q + 374. What is the hundreds digit of p?
8
Let w = 49 + -42. Let y(j) = j**2 - 5*j + 1. Let l be y(w). Suppose u = 4*u + l, -4*o + 5*u = -581. What is the hundreds digit of o?
1
Let y(c) = 19*c**3 - 33*c**2 - 35*c + 208. What is the ten thousands digit of y(11)?
2
Let w(u) = u**2 + 19*u + 91. Let h be w(-8). Suppose 0 = -0*x + 3*x - g - 821, -x + 271 = -h*g. What is the hundreds digit of x?
2
Let w(v) = -35*v + 565. What is the hundreds digit of w(-24)?
4
Let f = 66 + -15. Let h = -166 + 325. Suppose f + h = 3*q. What is the units digit of q?
0
Let p = -1393 - -2093. Suppose -4*z = h - 552, -2*z - 158 = h - p. What is the hundreds digit of h?
5
Suppose n = 22 + 34. Suppose -80 = -g + n. Suppose 4*i - g - 148 = 0. What is the units digit of i?
1
Let z = 26 - 22. Suppose -6*w + 2*w + 5*k + 606 = 0, 3*w - z*k = 454. Let q = w - 89. What is the tens digit of q?
6
Suppose -5 = -19*w - 24. What is the tens digit of w/(3/(-207))*(-4)/(-12)?
2
Let l(r) = -249*r + 104. Let p be l(-11). Suppose -o - 3*g = -698, 4*o - p = 3*g + 24. What is the tens digit of o?
1
What is the thousands digit of (7 - (-152222)/(-70))*-5?
0
Suppose -4395 - 15251 = -22*j. Suppose -2154 - j = -11*i. What is the tens digit of i?
7
Suppose 24*z = 43 + 5. Suppose -3*l + 4*a + 607 = 0, 6*l + z*a + 611 = 9*l. What is the units digit of l?
5
Let k = -2211 + 8517. What is the hundreds digit of k?
3
Let f(h) = 2*h**3 - 45*h**2 + 47*h + 8. Let y(s) = 2*s**2 + s + 1. Let j(q) = -f(q) - y(q). What is the tens digit of j(20)?
3
What is the units digit of 12237*(12/9 - (-8)/(-8))?
9
Let p = -33669 + 75096. What is the hundreds digit of p?
4
Let c = 128008 + -89345. What is the ten thousands digit of c?
3
Suppose -13*f + 5694262 = 48*f + 72*f. What is the ten thousands digit of f?
4
Let w(y) = 14*y**2 - 5*y + 2. Let l be w(2). Let c = 60 - l. Let t(n) = -2*n**2 + 25*n - 7. What is the units digit of t(c)?
5
What is the thousands digit of (-3)/((-12)/96572)*(-30 - -31)?
4
Let y be 4/16 - (-207)/(-12). Suppose 0 = -44*j + 18*j - 780. Let d = y - j. What is the units digit of d?
3
Suppose 4*n - 270 = 2*b, -5*n - 5*b + 324 = -3*b. Let c = n + -84. What is the tens digit of 17 + c + 14*2?
2
What is the tens digit of (54/(-8))/(14/(-293440)*12)?
9
Let d(f) = 19*f + f**2 - f**2 + f**2 - 5 + 2*f**2. Let y(r) = -r**3 + 7*r**2 - 7*r - 2. Let u be y(6). What is the units digit of d(u)?
5
Let a = 54075 - 35305. What is the units digit of a?
0
Let u(s) = 30*s - 36. Let c be u(5). Suppose -7*r = -4*r - c. Let m = 14 + r. What is the units digit of m?
2
Suppose 3*k - 6*k - 1 = -5*b, -4*k + 14 = b. Suppose 5*p + 5*n - 105 = 0, 72*p + 50 = 74*p - b*n. What is the units digit of p?
3
Suppose 62*l = 5496694 + 1003027 - 1595955. What is the ten thousands digit of l?
7
Let i = -93 - -54. Let h be (-3)/(4 - 416/82 - -1). Let m = i + h. What is the units digit of m?
2
Let g be ((-168)/(-36))/(4/(-114)). Suppose -5*f - 2*o - 307 = 0, 0 = -5*f + f - 2*o - 246. Let k = f - g. What is the tens digit of k?
7
Let x(r) = -5*r - 9. Let i be x(3). What is the tens digit of (1 - -235)*(-78)/i?
6
Suppose -8 = -2*x + 2*f, 15 = f - 4*f. What is the tens digit of -5*(-18)/45 - (x + -106)?
0
Let v = 46 - -31. Suppose v + 17 = w. Suppose l = 9 + w. What is the hundreds digit of l?
1
Let i = -263 + 283. Suppose -s = 3*n - i